1 - 35/(-14)?
7
Let g = 2541 + -2216. Suppose 968 = 3*c + 4*w, 0 = 2*w - 3 + 11. Suppose 2*n - 4*b - c = 0, -2*n + g = -3*b + 2*b. What is the hundreds digit of n?
1
Let g(c) = c**3 - 16*c**2 - 45*c - 31. Let v be g(19). Let d = v + -163. What is the tens digit of d?
3
Let s(u) be the third derivative of 13*u**5/60 + 7*u**4/12 - u**3/6 + 10*u**2 + 1. What is the tens digit of s(8)?
4
Let s = -41 - -45. Suppose -2*m = s*m - 750. What is the units digit of (3 - 5) + (m + -2 - 1)?
0
Suppose -3*h + 5215 + 10424 = 0. What is the hundreds digit of h?
2
Let q be (-3)/14*-20 + (-82)/287. Suppose 2*f + 70 = f - q*i, -5*i + 225 = -5*f. Let y = 9 - f. What is the units digit of y?
9
Let a(q) = -2*q - 2*q + 5 + 10 + 2*q. Let r be a(7). Suppose 4*x - 666 = -c, 3*c - 7 = -r. What is the tens digit of x?
6
Let l(j) = -15*j**3 - 3*j**2 + 27*j + 176. What is the units digit of l(-5)?
1
Let p = -490 - -475. What is the units digit of (732/(-18) + 10)/(1/p)?
0
Let l(a) = -a + 2. Let z be l(0). Suppose 4*v = z*p + 28, 2*p - 9 = -1. Suppose v*y - 15*y + 306 = 0. What is the tens digit of y?
5
Suppose -177*q + 2657973 = -29*q - 869607. What is the ten thousands digit of q?
2
Suppose -4*u + 13 = 3*j, -j + 4 = 2*u - 1. Let x be ((-123)/(-39) - j) + (-50)/(-13). What is the units digit of ((-432)/x - -2)/(-2)?
3
Let s(c) = -52*c + 8802. What is the tens digit of s(-83)?
1
Suppose -5*a + 2*w = -200, -4*w + 64 = 2*a - 16. Let t = 149 - a. What is the tens digit of t?
0
What is the units digit of ((-6008)/(-4))/2 + (-20)/(-5)?
5
Let g = -10655 - -17355. What is the thousands digit of g?
6
Let f(y) = -y**3 - 2*y**2 - 2*y + 10. Let r be 1*-5*(50 - 49). What is the tens digit of f(r)?
9
Let g(s) = 5230*s**2 + s + 2. Let y be g(-1). Suppose 0 = -4*q + 1601 + y. What is the hundreds digit of q?
7
Let g = -1373 - -2493. Suppose 5*n - g - 755 = -5*u, -1867 = -5*n - 3*u. What is the units digit of n?
1
Suppose -k + 18061 = -2*b, 5*k - 47249 = 2*b + 43024. What is the tens digit of k?
5
Let j(z) = 36*z + 101. Let v be j(22). Let u = v - -550. What is the hundreds digit of u?
4
Suppose 888554 - 3951614 = -195*n. What is the tens digit of n?
0
Suppose 3*b - 10 = -2*b. Suppose 3*h = -b*h - 330. What is the units digit of (-24)/15*(-4 + h)?
2
Let r = 703 - 501. Let p = r - 107. What is the units digit of p?
5
Let h be (6/(-4))/((-4)/8). Suppose -4*t + 4*f = -888, 0 = -2*t - 2*f + 515 - 91. Suppose h*n + 5*g = 4*g + t, -5*n + 4*g = -339. What is the units digit of n?
1
What is the units digit of 2/(2/17781)*(-157)/(-471)?
7
Suppose -o = 3*o. Suppose 3*z = -3*m + 316 + 917, -4*m + 4 = o. Suppose 0 = -6*g + g + z. What is the tens digit of g?
8
What is the ten thousands digit of ((-40164)/(-14))/((-366)/(-1708))?
1
Let f = 178 + -121. Suppose f = 7*m + 1. Suppose 4*x - 344 = m. What is the units digit of x?
8
Let h = -2826 - -8881. What is the units digit of h?
5
Let w(t) = t**3 - 32*t**2 - 107*t + 80. Let n be w(35). What is the hundreds digit of 4929*(5/n - 6/36)?
6
Let k(h) = -5716*h - 138. What is the hundreds digit of k(-3)?
0
Let z(v) be the first derivative of -157*v**3/3 + 2*v**2 + 3*v + 30. Let r(c) = -c + 1. Let o(j) = 3*r(j) - z(j). What is the units digit of o(-1)?
4
Suppose -w + 24*a - 19*a = -60146, 5*a + 300670 = 5*w. What is the tens digit of w?
3
Let r be 2/((-8)/12)*-1. Suppose -2*p = -6, -2*p = r*x - 3*p - 1197. Suppose 6*f = -5*a + 3*f + x, 5*a + 4*f = 395. What is the tens digit of a?
8
Let a(v) = 58*v**2 - 3*v + 5. Let l = 194 - 192. What is the units digit of a(l)?
1
Let i(o) = 2*o**3 + 7*o**2 - 9*o - 14. Let r be i(-4). Suppose r*g + 1 = 13. Suppose -4*w - 4*m = -316, 15 = -3*m - g*m. What is the units digit of w?
2
What is the ten thousands digit of 29/(29/(-2)) - -22135?
2
Let x = -283 - -285. Suppose -3*d + 2594 = x*a, -2*d + 6*a = 5*a - 1741. What is the hundreds digit of d?
8
Suppose g + 38 = -p, 3*p + 96 + 53 = -4*g. Let c = 47 + g. Let k = c - -48. What is the units digit of k?
0
Let p = -101 + 104. Suppose -2*g + g + 4*b = -142, 5*g = -p*b + 618. What is the tens digit of g?
2
Let t be ((-28)/(-12))/7*-3. Let l(y) = -3*y**3 + 1. Let x be l(t). Suppose x*b - 1550 = -6*b. What is the hundreds digit of b?
1
Let u be 1/2*1/(1/14). Let q(n) = -11*n - 1. Let z be q(u). What is the units digit of z/(-1) + 4 - (-3 + 1)?
4
What is the tens digit of 90/(-27)*(26568/(-30) - 0)?
5
Let m(n) = 4*n**3 + 22*n**2 + 38*n + 6. Let r(l) = 9*l**3 + 44*l**2 + 76*l + 12. Let v(s) = -7*m(s) + 3*r(s). What is the tens digit of v(-21)?
5
Let v(z) = 3*z + 62. Let i be v(-18). Let k(s) be the second derivative of s**5/20 - s**4/2 + 13*s**2 + 5*s. What is the hundreds digit of k(i)?
1
Let h = 109 - 107. Suppose -2*t = -m - 465, 4*m = h*t - 507 + 39. What is the hundreds digit of t?
2
Let w(h) = 33*h + 140. Let z(a) = -34*a - 140. Let g(p) = -5*w(p) - 4*z(p). What is the hundreds digit of g(-26)?
6
What is the thousands digit of -12 + 20 + (0 - -8964 - -1)?
8
Suppose -215385 = -50*q + 82415. What is the hundreds digit of q?
9
Let q(n) = -331*n + 167. What is the hundreds digit of q(-6)?
1
Let y be (-2 + 6/2)*(5058 + 2). Suppose 15*c = -7*c + y. What is the units digit of c?
0
Suppose 4*m = 5*x - 112 - 170, x = -2. Let h be m*((3 - 3) + -1). Suppose 8*f + h = 9*f. What is the tens digit of f?
7
Suppose 2*i = 62 + 28. Let r = i - 29. What is the tens digit of (-945)/30*(2 - r/6)?
2
Let s(i) = -i**3 - 14*i**2 - 12*i + 22. Let w be s(-13). What is the tens digit of 377 - (21/12 + w/36)?
7
Let r be -3 + (-37)/(-13) - 14832/(-78). Suppose -l - r - 234 = -o, 4*l - 4 = 0. What is the units digit of o?
5
Suppose n + 2 = 2*n. Suppose -4 = -3*i + 8. Suppose 0 = -i*r + 2*m + 110, -r - r - n*m = -40. What is the units digit of r?
5
Let u be 498/4*(-64)/(-12). Let v = u - 358. Let q = v + -218. What is the tens digit of q?
8
Suppose 75*z - 74*z - 367 = -2*h, -1810 = -5*z - 5*h. What is the hundreds digit of z?
3
Let i = -32 + 35. Let q = -129 - -133. Suppose 9*h - 2*o = q*h + 656, 3*o = i*h - 399. What is the tens digit of h?
3
What is the hundreds digit of 48/18*(-4 + 506043/36)?
4
Suppose -15*p + 2*x = -20*p + 25631, 2*p - 3*x = 10260. What is the hundreds digit of p?
1
Let t(f) = 400*f + 120. Let m be t(6). Suppose m = 42*o - 24*o. What is the tens digit of o?
4
What is the hundreds digit of (870/(-24))/(7/(-1400))?
2
What is the tens digit of (3/(-5) - ((-1249530)/50 + -7)) + 7?
0
What is the hundreds digit of (-2 + 25)*961 + -8 + 9?
1
Let i(d) = 90 + 23 - 9*d - 24 + d**2. What is the tens digit of i(-14)?
1
Let t = -86 - -88. Suppose -y + 2*p + 1070 = 2*y, 0 = 4*y - t*p - 1424. Suppose 0 = 5*j - g - y, 295 + 55 = 5*j - 5*g. What is the tens digit of j?
7
Let f be (6/3)/((-12)/48). What is the hundreds digit of 0 + (-1993 - f)/(-5)?
3
Suppose -5*f = 2*n - 323, -5*f = 5*n - 7*n - 327. Suppose 2*m - t - 446 = -f, -4*t - 384 = -2*m. What is the tens digit of m?
9
Suppose -125 - 461 = 2*s. Let j = -124 - s. Let k = -38 + j. What is the units digit of k?
1
Let t(p) = 7*p**3 - 8*p**2 + p - 600. Let n(r) = 6*r**3 - 7*r**2 + r - 599. Let s(h) = -6*n(h) + 5*t(h). What is the tens digit of s(0)?
9
Let x be 755 + -13 + -6 + -1. Suppose z = -2*c + 758, -x = -z + 2*c + 23. What is the units digit of z?
8
Suppose 0 = -0*f + 8*f - 0*f. Suppose -3*d + 2*i + 1451 = f, -2*d - 5*i = 3*d - 2460. Suppose 2*u + 3*k = k + 198, 5*u - d = -3*k. What is the tens digit of u?
9
Suppose -6*u = -14*u + 32. Suppose 511 = 5*l + d, -u*l = 5*d + 13 - 405. What is the hundreds digit of l?
1
Let g = 16 - 14. Suppose 5*m - 50 = -2*s, 3*s - 21 - 16 = g*m. Suppose 2*o = 5*o - s. What is the units digit of o?
5
Let r = -24310 - -34540. What is the thousands digit of r?
0
Let k = -907 - -2028. Let h be ((-1)/1)/((-4)/36). Suppose -k - 589 = -h*o. What is the units digit of o?
0
Let i = 44 - 42. Let d be 4/(((-16)/i)/(4 + -10)). Suppose 131 = n - 8*b + 6*b, -5*n + 603 = d*b. What is the hundreds digit of n?
1
Let k = 27405 + -4285. What is the ten thousands digit of k?
2
Let g(i) = 2*i**2 + 20*i + 102. Let s be g(27). Let z = 3060 - s. What is the hundreds digit of z?
9
Let n(q) = -q**2 - q + 1. Let x(w) = -5*w**2 + 16*w - 10. Let l(b) = 3*n(b) - x(b). Let s be l(18). Suppose 11*k - s = -0*k. What is the tens digit of k?
2
Suppose